2300
In base 10, what is 4 - 494172?
-494168
In base 16, what is 1d8aa + 1?
1d8ab
In base 10, what is -2 + -6447?
-6449
In base 6, what is -3140231 - -4?
-3140223
In base 5, what is -121434 - -24?
-121410
In base 7, what is -51465 + -22?
-51520
In base 9, what is -4 - -1564?
1560
In base 10, what is -4 + -268768?
-268772
In base 6, what is -4 + -14534?
-14542
In base 8, what is 115 + -4602?
-4465
In base 6, what is -1313 + -44322?
-50035
In base 15, what is 4 - -5c82a?
5c82e
In base 12, what is -3 - -176702?
1766bb
In base 13, what is c4 - -11?
105
In base 3, what is 111 + 222002010?
222002121
In base 15, what is -d7 - -3a4?
2bc
In base 7, what is 64200 - -60?
64260
In base 2, what is -10 - -11100000010?
11100000000
In base 4, what is -123020303 + -10?
-123020313
In base 6, what is 1010015425 + 4?
1010015433
In base 9, what is 13 - 7475?
-7462
In base 2, what is 1101010001111 - 1011001?
1101000110110
In base 10, what is -6 - -108907?
108901
In base 10, what is 8 - -1837?
1845
In base 15, what is 145e - -15?
1474
In base 5, what is 2 - 231124?
-231122
In base 4, what is -11232 - 21310?
-33202
In base 6, what is 1 - 123312?
-123311
In base 14, what is 9 + a5bd?
a5c8
In base 5, what is -13021 - -20241?
2220
In base 10, what is -3 - -470844?
470841
In base 13, what is 5b - 294?
-236
In base 5, what is 13430 - 10?
13420
In base 6, what is -50015 + 5?
-50010
In base 8, what is -756 - -127?
-627
In base 2, what is 101 - 110101001001101111?
-110101001001101010
In base 16, what is -265 + d?
-258
In base 5, what is -3 - -1123043?
1123040
In base 13, what is a13 + -7?
a09
In base 13, what is -43cb - -29?
-43a2
In base 16, what is 31b + -170?
1ab
In base 16, what is c + 3ebb7?
3ebc3
In base 3, what is -22 - 211222022?
-211222121
In base 16, what is 39 - -b3a?
b73
In base 14, what is 84 - 84?
0
In base 16, what is -8 - f77c?
-f784
In base 13, what is -7c3 - 23?
-816
In base 3, what is 10022220 + 11012?
10111002
In base 8, what is 1013316 - 2?
1013314
In base 15, what is -5b8b4 + -1?
-5b8b5
In base 12, what is -13 + -3004?
-3017
In base 15, what is 7e14d - -1?
7e14e
In base 5, what is -233 + -101124?
-101412
In base 3, what is -2 + -111202222001?
-111202222010
In base 10, what is 1093 - 24?
1069
In base 10, what is 450 - -1619?
2069
In base 16, what is 1 + 44bd?
44be
In base 9, what is -48 - 802?
-851
In base 12, what is -1 - 6b58?
-6b59
In base 4, what is 10 + -2120222?
-2120212
In base 9, what is 78765 - 0?
78765
In base 15, what is -74c + 3b6?
-386
In base 5, what is 101232 + -1314?
44413
In base 5, what is 302321 + 4?
302330
In base 5, what is -404 + -132021?
-132430
In base 7, what is -5 + 1546661?
1546653
In base 5, what is -2 - 2204141?
-2204143
In base 16, what is 1281d - 1c?
12801
In base 4, what is -302022 + -1202?
-303230
In base 3, what is -10 + 11120021110?
11120021100
In base 11, what is 4 - a367?
-a363
In base 9, what is 201515 - 4?
201511
In base 5, what is 312 - -230?
1042
In base 10, what is 12669050 + -1?
12669049
In base 15, what is -1a0a - 15?
-1a20
In base 9, what is -5866 + -64?
-6041
In base 13, what is -a - bc9?
-c06
In base 3, what is -220111 + -200?
-221011
In base 11, what is 89 + -12?
77
In base 9, what is -227 - 268?
-506
In base 7, what is 115003 + 5?
115011
In base 13, what is 143a8 + -2?
143a6
In base 10, what is 28293 - 70?
28223
In base 2, what is 1111110000100 - 10?
1111110000010
In base 12, what is 4 + 547a?
5482
In base 13, what is -53c + -17?
-556
In base 12, what is -16 + -32a7?
-3301
In base 5, what is -143112142 - 2?
-143112144
In base 11, what is -85657 + 5?
-85652
In base 11, what is 0 - -32418?
32418
In base 8, what is 211301 + -33?
211246
In base 2, what is -1 + 1000011000111000?
1000011000110111
In base 14, what is 194 - -217?
3ab
In base 15, what is -b1 + -27?
-d8
In base 6, what is 34 + 202434?
202512
In base 14, what is -44 + 6317?
62b3
In base 14, what is -59c1 - -3?
-59bc
In base 4, what is 10332 - -101303?
112301
In base 3, what is 11122100 - 2000121?
2121202
In base 16, what is c82fc + 4?
c8300
In base 2, what is 11001110101001010000 + 11?
11001110101001010011
In base 11, what is -13a2 + a29?
-474
In base 8, what is 3 + -5104312?
-5104307
In base 6, what is 1004542 + 4?
1004550
In base 2, what is -11 + -11110101001101?
-11110101010000
In base 12, what is 2a8 + -52?
256
In base 13, what is -1 + -16b3?
-16b4
In base 5, what is 11331134 - 10?
11331124
In base 10, what is 4476 + -204?
4272
In base 5, what is 0 - -132401?
132401
In base 7, what is 10 + -10052?
-10042
In base 16, what is -3 - -1c64?
1c61
In base 8, what is 44724 - -31?
44755
In base 13, what is -2153 - 20b?
-2361
In base 11, what is -a213 + 36?
-a188
In base 15, what is 5 + 228?
22d
In base 11, what is 7a95 - -7?
7aa1
In base 12, what is 501a + -9?
5011
In base 5, what is -104232 + -2?
-104234
In base 9, what is -17 + 22?
4
In base 11, what is -6 - 29678?
-29683
In base 4, what is -12123 - -32200?
20011
In base 4, what is 23 + -2331311?
-2331222
In base 5, what is 24 - 143242?
-143213
In base 10, what is -137 - -588?
451
In base 13, what is -120 - 46?
-166
In base 15, what is -5 - 72081?
-72086
In base 16, what is -3f24 - -5?
-3f1f
In base 2, what is 1110001 + 10101000100?
10110110101
In base 15, what is -2 + -71ec?
-71ee
In base 11, what is 382 - -481?
853
In base 13, what is 2 - 5bb3?
-5bb1
In base 2, what is -10001 + -10110110000?
-10111000001
In base 3, what is 1101021100 + -1101?
1101012222
In base 10, what is -1766 + -1815?
-3581
In base 15, what is -27b9 + 27?
-2792
In base 11, what is -2488 + 3?
-2485
In base 2, what is -1 - 1000110010101100?
-1000110010101101
In base 15, what is -139e - -122?
-127c
In base 11, what is -3 - -152199?
152196
In base 11, what is 293 + -8a?
204
In base 10, what is 9176 + 776?
9952
In base 15, what is 40de - -24d?
433c
In base 6, what is 3130112 + -20?
3130052
In base 4, what is 131 + -1330232?
-1330101
In base 10, what is 41 + 329?
370
In base 14, what is -326 + -1?
-327
In base 15, what is 40 - 7e6e?
-7e2e
In base 15, what is -1 + aea?
ae9
In base 7, what is 564651 + -6?
564642
In base 12, what is -11 - 1464?
-1475
In base 3, what is -10011 - 11201?
-21212
In base 15, what is -187 + 3a?
-14c
In base 5, what is -3 - 3044433?
-3044441
In base 14, what is 16 - -4a705?
4a71b
In base 16, what is -1 - 22f0?
-22f1
In base 2, what is 10101 - 1100110?
-1010001
In base 16, what is 7 + 408?
40f
In base 9, what is -4 + 622222?
622217
In base 7, what is -5 - -2635422?
2635414
In base 12, what is -4360 + 13?
-4349
In base 13, what is -24c96 + -3?
-24c99
In base 4, what is 10 + 201011132?
201011202
In base 10, what is 125 - 6?
119
In base 15, what is 12b - 20?
10b
In base 9, what is -223501 + 3?
-223487
In base 5, what is 0 - -221324031?
221324031
In base 14, what is 14 - -b37?
b4b
In base 6, what is -11 - -215211?
215200
In base 7, what is 14 + 40600?
40614
In base 15, what is -12 + -2a83b?
-2a84d
In base 12, what is -3 - 24b145?
-24b148
In base 14, what is -17c + 1282?
1104
In base 12, what is 45b + 11a?
579
In base 2, what is 0 + -10001010100101?
-10001010100101
In base 12, what is -1 - -15b64?
15b63
In base 6, what is 0 + -33343?
-33343
In base 5, what is -4 - 2333132?
-2333141
In base 16, what is -fb0e + 4?
-fb0a
In base 16, what is -1799 - -d?
-178c
In base 7, what is 4124 - -26?
4153
In base 15, what is -34e - -2bb?
-83
In base 16, what is 9 + 2257?
2260
In base 15, what is 153d + -2a?
1513
In base 9, what is 202131 - -8?
202140
In base 5, what is 244 - 4111?
-3312
In base 15, what is 16d - c?
161
In base 5, what is -3 + 243301041?
243301033
In base 14, what is 38017c - 6?
380176
In base 12, what is 79 - -1160b?
11688
In base 2, what is 101000000010 + 11100001100?
1000100001110
In base 9, what is -142516 - 1?
-142517
In base 3, what is -20210222021 + -2?
-20210222100
In base 3, what is -10011012111 + 102?
-10011012002
In base 8, what is 344 - -246?
612
In base 7, what is -231112 + -24?
-231136
In base 13, what is 36 + -57c?
-546
In base 9, what is 187 + 42?
240
In base 13, what is 4 + 2a73?
2a77
In base 6, what is 14114 + 24?
14142
In base 14, what is 11cd + -19?
11b4
In base 2, what is 100 + -1010010110110?
-1010010110010
In base 12, what is -2 - -4a77?
4a75
In base 7, what is 1643 + -1304?
336
In base 6, w